8767 is divided by 123.
121
Calculate the remainder when 37792955 is divided by 3427.
3426
Calculate the remainder when 5551715 is divided by 12.
11
Calculate the remainder when 6159368 is divided by 3203.
3202
What is the remainder when 3196042 is divided by 185?
167
Calculate the remainder when 1199937 is divided by 15189.
6
What is the remainder when 7895892 is divided by 173?
172
Calculate the remainder when 1144516 is divided by 6540.
16
What is the remainder when 52771087 is divided by 606?
1
What is the remainder when 19637981 is divided by 1638?
1637
Calculate the remainder when 117244 is divided by 648.
604
What is the remainder when 252593 is divided by 3116?
197
What is the remainder when 3708966 is divided by 314?
312
What is the remainder when 72233097 is divided by 930?
927
What is the remainder when 1252137 is divided by 1252027?
110
Calculate the remainder when 133384 is divided by 716.
208
Calculate the remainder when 87216332 is divided by 107.
97
Calculate the remainder when 52719 is divided by 12905.
1099
What is the remainder when 3087491 is divided by 334?
329
Calculate the remainder when 526568 is divided by 5485.
8
Calculate the remainder when 78806270 is divided by 747.
11
What is the remainder when 11383 is divided by 289?
112
What is the remainder when 57230 is divided by 18953?
371
What is the remainder when 20442225 is divided by 1022109?
45
Calculate the remainder when 7845611 is divided by 2880.
491
What is the remainder when 3280083 is divided by 136666?
99
What is the remainder when 1372978 is divided by 686487?
4
Calculate the remainder when 9547649 is divided by 210.
209
Calculate the remainder when 3865019 is divided by 1932509.
1
Calculate the remainder when 3232752 is divided by 522.
6
Calculate the remainder when 120091 is divided by 103.
96
What is the remainder when 1044140 is divided by 15?
5
Calculate the remainder when 14336585 is divided by 10.
5
Calculate the remainder when 9342182 is divided by 31.
22
What is the remainder when 80434595 is divided by 1959?
14
What is the remainder when 2754781 is divided by 215?
201
What is the remainder when 171750 is divided by 7796?
238
What is the remainder when 269830 is divided by 1899?
172
Calculate the remainder when 4527608 is divided by 32340.
8
What is the remainder when 394811066 is divided by 59?
58
Calculate the remainder when 911298 is divided by 318.
228
What is the remainder when 1204371 is divided by 1822?
29
Calculate the remainder when 196399 is divided by 1413.
1405
What is the remainder when 1596938 is divided by 2093?
2072
What is the remainder when 918869 is divided by 9557?
1397
Calculate the remainder when 844327 is divided by 9162.
1423
Calculate the remainder when 33818172 is divided by 520279.
37
What is the remainder when 59639198 is divided by 80?
78
Calculate the remainder when 131623 is divided by 10944.
295
What is the remainder when 2296332 is divided by 191351?
120
What is the remainder when 90439968 is divided by 59?
48
What is the remainder when 625779 is divided by 4868?
2675
What is the remainder when 141268 is divided by 5432?
36
Calculate the remainder when 749795 is divided by 57.
17
What is the remainder when 2946018 is divided by 77?
75
Calculate the remainder when 19474015 is divided by 649131.
85
Calculate the remainder when 291373 is divided by 283.
166
What is the remainder when 3184095 is divided by 167582?
37
Calculate the remainder when 140542941 is divided by 28.
21
Calculate the remainder when 85659523 is divided by 274.
273
What is the remainder when 4911606 is divided by 37?
4
What is the remainder when 2747277 is divided by 14936?
13989
What is the remainder when 11978702 is divided by 11978667?
35
Calculate the remainder when 3853656 is divided by 601.
44
What is the remainder when 21491 is divided by 410?
171
Calculate the remainder when 805591 is divided by 268127.
1210
What is the remainder when 93174 is divided by 7?
4
Calculate the remainder when 32832254 is divided by 41.
28
What is the remainder when 25412 is divided by 761?
299
Calculate the remainder when 585986 is divided by 200.
186
What is the remainder when 66238186 is divided by 348622?
6
What is the remainder when 1231772 is divided by 615842?
88
What is the remainder when 114190 is divided by 11268?
1510
Calculate the remainder when 53176 is divided by 5899.
85
Calculate the remainder when 36198094 is divided by 2298.
2296
What is the remainder when 1425525 is divided by 13198?
141
Calculate the remainder when 6779489 is divided by 677948.
9
Calculate the remainder when 4327375 is divided by 550.
525
What is the remainder when 39723513 is divided by 18?
15
Calculate the remainder when 358998 is divided by 17947.
58
Calculate the remainder when 1585917 is divided by 792684.
549
What is the remainder when 112931267 is divided by 396?
383
What is the remainder when 1023911654 is divided by 4629?
4628
Calculate the remainder when 192695 is divided by 192685.
10
What is the remainder when 58777092 is divided by 6067?
6063
Calculate the remainder when 1244890 is divided by 1889.
39
What is the remainder when 690761 is divided by 523?
401
Calculate the remainder when 375778 is divided by 187889.
0
Calculate the remainder when 66430 is divided by 3137.
553
What is the remainder when 162875317 is divided by 2874?
2863
What is the remainder when 469661 is divided by 21347?
27
What is the remainder when 87337 is divided by 855?
127
What is the remainder when 12995 is divided by 9570?
3425
What is the remainder when 213846 is divided by 4363?
59
What is the remainder when 493202 is divided by 61640?
82
What is the remainder when 16937658 is divided by 13?
10
Calculate the remainder when 16219773 is divided by 8725.
8723
Calculate the remainder when 29909815 is divided by 49.
19
What is the remainder when 197204 is divided by 1378?
150
What is the remainder when 27988218 is divided by 65393?
14
Calculate the remainder when 3671674 is divided by 4533.
4477
What is the remainder when 654428 is divided by 326593?
1242
Calculate the remainder when 111317 is divided by 8561.
24
What is the remainder when 3166964 is divided by 527827?
2
What is the remainder when 2744793 is divided by 457451?
87
What is the remainder when 18167 is divided by 14183?
3984
What is the remainder when 53986 is divided by 6355?
3146
Calculate the remainder when 676772 is divided by 129.
38
What is the remainder when 32406 is divided by 4567?
437
Calculate the remainder when 1261692 is divided by 5170.
212
What is the remainder when 207547 is divided by 49337?
10199
What is the remainder when 1215189 is divided by 14758?
5033
What is the remainder when 6150367 is divided by 165?
157
What is the remainder when 1424358 is divided by 576?
486
What is the remainder when 358246 is divided by 217?
196
What is the remainder when 636349 is divided by 8717?
8
What is the remainder when 20926 is divided by 712?
278
Calculate the remainder when 14177796 is divided by 287.
283
What is the remainder when 690570 is divided by 23812?
22
What is the remainder when 11319510 is divided by 90556?
10
Calculate the remainder when 532147 is divided by 1215.
1192
What is the remainder when 38187022 is divided by 5273?
5229
Calculate the remainder when 11531406 is divided by 3843801.
3
Calculate the remainder when 10247658 is divided by 120.
18
What is the remainder when 1252001 is divided by 7033?
127
Calculate the remainder when 2042005 is divided by 26868.
37
Calculate the remainder when 12023 is divided by 4974.
2075
What is the remainder when 18839237 is divided by 154?
109
What is the remainder when 267333 is divided by 30?
3
What is the remainder when 857339 is divided by 857239?
100
Calculate the remainder when 123112307 is divided by 2297.
2295
What is the remainder when 80079 is divided by 26604?
267
What is the remainder when 38356 is divided by 2448?
1636
What is the remainder when 12346440 is divided by 12663?
15
Calculate the remainder when 10295 is divided by 5307.
4988
Calculate the remainder when 2194607 is divided by 199508.
19
Calculate the remainder when 1775205 is divided by 28.
5
Calculate the remainder when 1112835 is divided by 87.
18
Calculate the remainder when 1954875 is divi